{"id":499,"date":"2021-02-13T17:08:14","date_gmt":"2021-02-13T17:08:14","guid":{"rendered":"https:\/\/francesc-cescju.eu\/?page_id=499"},"modified":"2025-02-08T14:04:24","modified_gmt":"2025-02-08T14:04:24","slug":"curiositats","status":"publish","type":"page","link":"https:\/\/francesc-cescju.eu\/?page_id=499","title":{"rendered":"CURIOSITATS"},"content":{"rendered":"\n\n\t<h2>PER AMPLIAR EL TEU CONEIXEMENT<\/h2>\n\t\t\t\t<a href=\"https:\/\/francesc-cescju.eu\/wp-content\/uploads\/2021\/02\/IMG_0299.jpg\"  target=\"_self\" itemprop=\"url\">\n\t\t\t\t<img loading=\"lazy\" decoding=\"async\" src=\"https:\/\/francesc-cescju.eu\/wp-content\/uploads\/2021\/02\/IMG_0299.jpg\" alt=\"IMG_0299\" itemprop=\"image\" height=\"1228\" width=\"1840\" title=\"IMG_0299\" onerror=\"this.style.display='none'\"  \/>\n\t\t\t\t<\/a>\n\t<h2>FRASES QUE M&#8217;ALIMENTEN L&#8217;\u00c0NIMA<\/h2>\n<h2>Sempre es diu que hem de cuidar la naturalesa\u00a0 per els nostres fills.<\/h2>\n<h2>I el cert \u00e9s que hem de cuidar-la perqu\u00e8 no es nostra.\u00a0<\/h2>\n<h2>Carlos de Hita\u00a0<\/h2>\n<h2><strong>_________________________________<\/strong><\/h2>\n<h2>No pots tornar enrere i canviar l&#8217;inici, per\u00f2 pots comen\u00e7ar on estiguis i canviar el final\u00a0<\/h2>\n<h2>C. S. Lewis<\/h2>\n<p><strong>______________________________________________________<\/strong><\/p>\n<h2>La bellesa d&#8217;abra\u00e7ar veritats profundes no et porten necess\u00e0riament a canviar la teva vida, sin\u00f3 a canviar la teva manera de viure la teva vida.<\/h2>\n<h2>Michael A. Singer\u00a0<\/h2>\n<p><strong>_______________________________________________________<\/strong><\/p>\n<h2>Els que porten anys presoners amb pesades cadenes, famolencs i demacrats, febles i exhaustos, amb els ulls aclimatats a la foscor des de fa tant de temps que ni tan sols recorden la llum, no comencen a saltar d&#8217;alegria en l&#8217;instant en qu\u00e8 se&#8217;ls posa en llibertat. Triguen un temps a comprendre el que \u00e9s la llibertat.<\/h2>\n<h2>Llibre Curs de Miracles<\/h2>\n<p><strong>___________________________________________________________<\/strong><\/p>\n\n","protected":false},"excerpt":{"rendered":"<p>PER AMPLIAR EL TEU CONEIXEMENT FRASES QUE M&#8217;ALIMENTEN L&#8217;\u00c0NIMA Sempre es diu que hem de cuidar la naturalesa\u00a0 per els nostres fills. I el cert \u00e9s que hem de cuidar-la perqu\u00e8 no es nostra.\u00a0 Carlos de Hita\u00a0 _________________________________ No pots tornar enrere i canviar l&#8217;inici, per\u00f2 pots comen\u00e7ar on estiguis i canviar el final\u00a0 C. &hellip; <\/p>\n<p class=\"link-more\"><a href=\"https:\/\/francesc-cescju.eu\/?page_id=499\" class=\"more-link\">Continua llegint <span class=\"screen-reader-text\">\u00abCURIOSITATS\u00bb<\/span><\/a><\/p>\n","protected":false},"author":1,"featured_media":0,"parent":0,"menu_order":0,"comment_status":"closed","ping_status":"closed","template":"","meta":{"footnotes":""},"class_list":["post-499","page","type-page","status-publish","hentry"],"_links":{"self":[{"href":"https:\/\/francesc-cescju.eu\/index.php?rest_route=\/wp\/v2\/pages\/499","targetHints":{"allow":["GET"]}}],"collection":[{"href":"https:\/\/francesc-cescju.eu\/index.php?rest_route=\/wp\/v2\/pages"}],"about":[{"href":"https:\/\/francesc-cescju.eu\/index.php?rest_route=\/wp\/v2\/types\/page"}],"author":[{"embeddable":true,"href":"https:\/\/francesc-cescju.eu\/index.php?rest_route=\/wp\/v2\/users\/1"}],"replies":[{"embeddable":true,"href":"https:\/\/francesc-cescju.eu\/index.php?rest_route=%2Fwp%2Fv2%2Fcomments&post=499"}],"version-history":[{"count":10,"href":"https:\/\/francesc-cescju.eu\/index.php?rest_route=\/wp\/v2\/pages\/499\/revisions"}],"predecessor-version":[{"id":965,"href":"https:\/\/francesc-cescju.eu\/index.php?rest_route=\/wp\/v2\/pages\/499\/revisions\/965"}],"wp:attachment":[{"href":"https:\/\/francesc-cescju.eu\/index.php?rest_route=%2Fwp%2Fv2%2Fmedia&parent=499"}],"curies":[{"name":"wp","href":"https:\/\/api.w.org\/{rel}","templated":true}]}}

<h2>PER AMPLIAR EL TEU CONEIXEMENT</h2>
				<a href="https://francesc-cescju.eu/wp-content/uploads/2021/02/IMG_0299.jpg"  target="_self" itemprop="url">
				<img loading="lazy" decoding="async" src="https://francesc-cescju.eu/wp-content/uploads/2021/02/IMG_0299.jpg" alt="IMG_0299" itemprop="image" height="1228" width="1840" title="IMG_0299" onerror="this.style.display='none'"  />
				</a>
	<h2>FRASES QUE M&#8217;ALIMENTEN L&#8217;ÀNIMA</h2>
<h2>Sempre es diu que hem de cuidar la naturalesa  per els nostres fills.</h2>
<h2>I el cert és que hem de cuidar-la perquè no es nostra. </h2>
<h2>Carlos de Hita </h2>
<h2><strong>_________________________________</strong></h2>
<h2>No pots tornar enrere i canviar l&#8217;inici, però pots començar on estiguis i canviar el final </h2>
<h2>C. S. Lewis</h2>
<p><strong>______________________________________________________</strong></p>
<h2>La bellesa d&#8217;abraçar veritats profundes no et porten necessàriament a canviar la teva vida, sinó a canviar la teva manera de viure la teva vida.</h2>
<h2>Michael A. Singer </h2>
<p><strong>_______________________________________________________</strong></p>
<h2>Els que porten anys presoners amb pesades cadenes, famolencs i demacrats, febles i exhaustos, amb els ulls aclimatats a la foscor des de fa tant de temps que ni tan sols recorden la llum, no comencen a saltar d&#8217;alegria en l&#8217;instant en què se&#8217;ls posa en llibertat. Triguen un temps a comprendre el que és la llibertat.</h2>
<h2>Llibre Curs de Miracles</h2>
<p><strong>___________________________________________________________</strong></p>

<p>PER AMPLIAR EL TEU CONEIXEMENT FRASES QUE M&#8217;ALIMENTEN L&#8217;ÀNIMA Sempre es diu que hem de cuidar la naturalesa  per els nostres fills. I el cert és que hem de cuidar-la perquè no es nostra.  Carlos de Hita  _________________________________ No pots tornar enrere i canviar l&#8217;inici, però pots començar on estiguis i canviar el final  C. &hellip; </p>
<p class="link-more"><a href="https://francesc-cescju.eu/?page_id=499" class="more-link">Continua llegint <span class="screen-reader-text">«CURIOSITATS»</span></a></p>
