{"id":49,"date":"2021-02-01T17:39:11","date_gmt":"2021-02-01T17:39:11","guid":{"rendered":"https:\/\/francesc-cescju.eu\/?page_id=49"},"modified":"2026-04-06T18:32:09","modified_gmt":"2026-04-06T18:32:09","slug":"qui-soc","status":"publish","type":"page","link":"https:\/\/francesc-cescju.eu\/?page_id=49","title":{"rendered":"QUI S\u00d3C"},"content":{"rendered":"\n<figure class=\"wp-block-image size-large\"><img loading=\"lazy\" decoding=\"async\" width=\"1024\" height=\"683\" src=\"https:\/\/francesc-cescju.eu\/wp-content\/uploads\/2021\/02\/FranCesc-2-1024x683.jpg\" alt=\"Concert al Bosc\" class=\"wp-image-47\" srcset=\"https:\/\/francesc-cescju.eu\/wp-content\/uploads\/2021\/02\/FranCesc-2-1024x683.jpg 1024w, https:\/\/francesc-cescju.eu\/wp-content\/uploads\/2021\/02\/FranCesc-2-300x200.jpg 300w, https:\/\/francesc-cescju.eu\/wp-content\/uploads\/2021\/02\/FranCesc-2-768x512.jpg 768w, https:\/\/francesc-cescju.eu\/wp-content\/uploads\/2021\/02\/FranCesc-2-1536x1024.jpg 1536w, https:\/\/francesc-cescju.eu\/wp-content\/uploads\/2021\/02\/FranCesc-2-2048x1365.jpg 2048w\" sizes=\"auto, (max-width: 767px) 89vw, (max-width: 1000px) 54vw, (max-width: 1071px) 543px, 580px\" \/><\/figure>\n\n\n\n<p style=\"font-size:32px;line-height:1\"><strong>FranCesc<\/strong><\/p>\n\n\n\n<p>Sovint som ignorants de moltes coses i necessitem alg\u00fa que ens acompanyi, que ens gui\u00ef pel mon del desconegut. Gr\u00e0cies Teresa.<\/p>\n\n\n\n<p>Per mi escoltar el primer concert de Bols Tibetans va ser un abans i un despr\u00e9s, amb el pas del temps sols he hagut de deixar-me portar per el qu\u00e8 sentia, fins aconseguir que tot es posi en el seu lloc, ara gaudeixo del que faig.  <\/p>\n\n\n\n<p>Amb el Bols Tibetans pots ajudar-te a trobar aquella pau que necessites per escoltar el teu interior.<\/p>\n\n\n\n<p>Aix\u00ed podr\u00e0s preparar-te per trobar el cam\u00ed, en definitiva, ajudar-te a trobar-te a tu mateix.<\/p>\n\n\n\n<p>Quan trobes gent que viu amb passi\u00f3 all\u00f3 que li agrada \u00e9s f\u00e0cil que perdis la noci\u00f3 del temps, nom\u00e9s vols escoltar, entendre, preguntar i sempre tens resposta. la meva formaci\u00f3 ha estat realitzada amb els seg\u00fcents professionals, Toni Sanchez se &#8220;Tu Sonido Interior&#8221;, Jacomina Sounds i MuOM.<\/p>\n\n\n\n<hr class=\"wp-block-separator has-css-opacity is-style-wide\"\/>\n\n\n\n<figure class=\"wp-block-image size-large is-resized\"><img loading=\"lazy\" decoding=\"async\" width=\"1024\" height=\"1024\" src=\"https:\/\/francesc-cescju.eu\/wp-content\/uploads\/2021\/02\/IMG_0820-1024x1024.jpg\" alt=\"\" class=\"wp-image-344\" style=\"width:621px;height:620px\" srcset=\"https:\/\/francesc-cescju.eu\/wp-content\/uploads\/2021\/02\/IMG_0820-1024x1024.jpg 1024w, https:\/\/francesc-cescju.eu\/wp-content\/uploads\/2021\/02\/IMG_0820-300x300.jpg 300w, https:\/\/francesc-cescju.eu\/wp-content\/uploads\/2021\/02\/IMG_0820-150x150.jpg 150w, https:\/\/francesc-cescju.eu\/wp-content\/uploads\/2021\/02\/IMG_0820-768x768.jpg 768w\" sizes=\"auto, (max-width: 767px) 89vw, (max-width: 1000px) 54vw, (max-width: 1071px) 543px, 580px\" \/><\/figure>\n\n\n\n<p style=\"font-size:32px;line-height:1\"><strong>CescJu<\/strong><\/p>\n\n\n\n<p>Fot\u00f2graf aficionat a qui li encanta la bellesa que ens ofereix la Natura.<\/p>\n\n\n\n<p>Les modalitats en que m\u00e9s m&#8217;hi sento identificat s\u00f3n la Macrofotografia, paisatge nocturn, Natura en general, entre d&#8217;altres.<\/p>\n\n\n\n<p>Amb aquesta p\u00e0gina pretenc mostrar el que sento, com miro i i el que aprenc de l&#8217;observaci\u00f3. He apr\u00e9s que si canvio jo, canvia el meu voltant.<\/p>\n\n\n\n<hr class=\"wp-block-separator has-css-opacity is-style-wide\"\/>\n\n\n\n<ul class=\"wp-block-list\">\n<li><strong>Em pots trobar tamb\u00e9 per  Facebook i Instagram com FranCesc_CescJu<\/strong><\/li>\n<\/ul>\n\n\n\n<p class=\"has-text-align-center\" style=\"font-size:25px;line-height:1.5\"><strong>Llibres que m\u2019han acompanyat<\/strong><\/p>\n\n\n\n<p style=\"font-size:25px;line-height:1.5\">Llibres que m\u2019han ajudat a reflexionar. Sempre aprenent.<\/p>\n\n\n\n<ul class=\"wp-block-list\">\n<li><strong>TALLER DE AMOR <\/strong>de RAIMON SAMS\u00d3<\/li>\n\n\n\n<li><strong>LA ENERGIA CURATIVA DE LOS \u00c1RBOLES <\/strong>de SHIA GREEN<\/li>\n\n\n\n<li><strong>CURSO DE MILAGROS <\/strong>de RAIMON SAMS\u00d3<\/li>\n\n\n\n<li><strong>LA DESAPARICI\u00d3N DEL UNIVERSO <\/strong>de GARY R. RENARD<\/li>\n\n\n\n<li><strong>DECIDE DE NUEVO <\/strong>de MARTA SALVAT<\/li>\n\n\n\n<li><strong>EL PLAN DE TU ALMA <\/strong>de ROBERT SCHWARTZ<\/li>\n\n\n\n<li><strong>EL COACH ILUMINADO <\/strong>de RAIMON SAMS\u00d3<\/li>\n\n\n\n<li><strong>LA LIBERACI\u00d3N DEL ALMA <\/strong>de MAIQUEL SINGEL<\/li>\n\n\n\n<li><strong>DESPIERTA <\/strong>de ANTONY DE MELLO<\/li>\n<\/ul>\n\n\n\n<p><\/p>\n","protected":false},"excerpt":{"rendered":"<p>FranCesc Sovint som ignorants de moltes coses i necessitem alg\u00fa que ens acompanyi, que ens gui\u00ef pel mon del desconegut. Gr\u00e0cies Teresa. Per mi escoltar el primer concert de Bols Tibetans va ser un abans i un despr\u00e9s, amb el pas del temps sols he hagut de deixar-me portar per el qu\u00e8 sentia, fins aconseguir &hellip; <\/p>\n<p class=\"link-more\"><a href=\"https:\/\/francesc-cescju.eu\/?page_id=49\" class=\"more-link\">Continua llegint <span class=\"screen-reader-text\">\u00abQUI S\u00d3C\u00bb<\/span><\/a><\/p>\n","protected":false},"author":1,"featured_media":0,"parent":0,"menu_order":0,"comment_status":"closed","ping_status":"closed","template":"","meta":{"footnotes":""},"class_list":["post-49","page","type-page","status-publish","hentry"],"_links":{"self":[{"href":"https:\/\/francesc-cescju.eu\/index.php?rest_route=\/wp\/v2\/pages\/49","targetHints":{"allow":["GET"]}}],"collection":[{"href":"https:\/\/francesc-cescju.eu\/index.php?rest_route=\/wp\/v2\/pages"}],"about":[{"href":"https:\/\/francesc-cescju.eu\/index.php?rest_route=\/wp\/v2\/types\/page"}],"author":[{"embeddable":true,"href":"https:\/\/francesc-cescju.eu\/index.php?rest_route=\/wp\/v2\/users\/1"}],"replies":[{"embeddable":true,"href":"https:\/\/francesc-cescju.eu\/index.php?rest_route=%2Fwp%2Fv2%2Fcomments&post=49"}],"version-history":[{"count":26,"href":"https:\/\/francesc-cescju.eu\/index.php?rest_route=\/wp\/v2\/pages\/49\/revisions"}],"predecessor-version":[{"id":1270,"href":"https:\/\/francesc-cescju.eu\/index.php?rest_route=\/wp\/v2\/pages\/49\/revisions\/1270"}],"wp:attachment":[{"href":"https:\/\/francesc-cescju.eu\/index.php?rest_route=%2Fwp%2Fv2%2Fmedia&parent=49"}],"curies":[{"name":"wp","href":"https:\/\/api.w.org\/{rel}","templated":true}]}}