{"id":216,"date":"2021-02-05T18:10:26","date_gmt":"2021-02-05T18:10:26","guid":{"rendered":"https:\/\/francesc-cescju.eu\/?page_id=216"},"modified":"2025-02-08T12:41:29","modified_gmt":"2025-02-08T12:41:29","slug":"pagines-amigues","status":"publish","type":"page","link":"https:\/\/francesc-cescju.eu\/?page_id=216","title":{"rendered":"P\u00c0GINES AMIGUES"},"content":{"rendered":"\n<figure class=\"wp-block-pullquote\"><blockquote><p><strong><span class=\"has-inline-color has-light-gray-color\">TONI S\u00c1NCHEZ<\/span> <\/strong><br><strong><a rel=\"noreferrer noopener\" href=\"https:\/\/tusonidointerior.es\" target=\"_blank\">https:\/\/tusonidointerior.es<\/a><\/strong><\/p><cite><span class=\"has-inline-color has-light-gray-color\">L<strong>OS CUENCOS TIBETANOS<\/strong> SON UN AFINADOR NATURAL QUE TE ACOMPA\u00d1AN HACIA UNA VIDA SERENA Y FELIZ. LA ARMON\u00cdA QUE NECESITAS DE FORMA SENCILLA Y PR\u00c1CTICA<\/span><\/cite><\/blockquote><\/figure>\n\n\n\n<figure class=\"wp-block-pullquote\"><blockquote><p><strong><span class=\"has-inline-color has-light-gray-color\">MuOM<\/span> <\/strong><br><strong><a rel=\"noreferrer noopener\" href=\"https:\/\/www.muom.net\/ca\/\" target=\"_blank\">https:\/\/www.muom.net\/ca\/<\/a><\/strong><\/p><cite><span class=\"has-inline-color has-light-gray-color\">MuOM \u00e9s&nbsp;<strong>l\u2019\u00fanic grup vocal del m\u00f3n que produeix polifonies amb els harm\u00f2nics.<\/strong>&nbsp;Compon, investiga i interpreta m\u00fasica transcultural de creaci\u00f3 pr\u00f2pia&nbsp;<strong>per al benestar i la contemplaci\u00f3.&nbsp;<\/strong><\/span><\/cite><\/blockquote><\/figure>\n\n\n\n<figure class=\"wp-block-pullquote\"><blockquote><p><strong><span class=\"has-inline-color has-light-gray-color\">AMORSENY<\/span> <\/strong><br><strong><a rel=\"noreferrer noopener\" href=\"https:\/\/www.amorseny.com\" target=\"_blank\">https:\/\/www.amorseny.com<\/a><\/strong><\/p><cite><span class=\"has-inline-color has-light-gray-color\"><strong>Amorseny<\/strong>, un proyecto consciente basado en la constante invitaci\u00f3n a la honestidad,&nbsp;<br>al sentir y a la autoindagaci\u00f3n.<\/span><\/cite><\/blockquote><\/figure>\n\n\n\n<figure class=\"wp-block-pullquote\"><blockquote><p><strong><span class=\"has-inline-color has-light-gray-color\">SILVIA WANG <\/span> <\/strong><br><strong><a rel=\"noreferrer noopener\" href=\"http:\/\/silviawang.com\" target=\"_blank\">http:\/\/silviawang.com<\/a><\/strong><\/p><cite><span class=\"has-inline-color has-light-gray-color\"><strong>Entrenament en Femen\u00ed<\/strong>&nbsp;\u00e9s un programa d\u2019entrenament f\u00edsic hol\u00edstic, \u00fanic i exclusiu per a dones.<\/span><\/cite><\/blockquote><\/figure>\n\n\n\n<figure class=\"wp-block-pullquote\"><blockquote><p><strong><span class=\"has-inline-color has-light-gray-color\">Horses &amp; Souls<\/span><\/strong><br><strong> <a rel=\"noreferrer noopener\" href=\"https:\/\/instagram.com\/horsesandsouls?igshid=1qt1geqzcxn4u\" target=\"_blank\">https:\/\/instagram.com\/horsesandsouls?igshid=1qt1geqzcxn4u<\/a><\/strong><\/p><cite><span class=\"has-inline-color has-light-gray-color\"><strong>Coaching con caballos<\/strong> sesiones individuales o grupales. Equino terapia ni\u00f1os sin monta.Talleres sentir a los caballos en libertad<\/span><\/cite><\/blockquote><\/figure>\n\n\n\n<figure class=\"wp-block-pullquote\"><blockquote><p><strong>MONTRIANA HorsesExpressions<\/strong><br><a rel=\"noreferrer noopener\" href=\"https:\/\/www.instagram.com\/montriana_horses_expressions\/\" target=\"_blank\"><strong>https:\/\/www.instagram.com\/montriana_horses_expressions\/<\/strong><\/a><br><strong>&nbsp;<a rel=\"noreferrer noopener\" href=\"https:\/\/www.instagram.com\/trianaybego\/\" target=\"_blank\">@trianaybego<\/a><\/strong><\/p><cite><em>Sesiones IndividualesGrupales de Coaching con Caballos<\/em>\ud83d\udc34<br>\ud83c\udf33<em>Din\u00e1micas en la naturaleza<\/em><br><em>Ullastrell, provincia de Barcelona<\/em><\/cite><\/blockquote><\/figure>\n\n\n\n<figure class=\"wp-block-pullquote\"><blockquote><p><strong><span class=\"has-inline-color has-light-gray-color\">TRANSALQUIMIA<\/span> <\/strong><br><strong><a rel=\"noreferrer noopener\" href=\"https:\/\/www.transalquimia.org\" target=\"_blank\">https:\/\/www.transalquimia.org<\/a><\/strong><\/p><cite><span class=\"has-inline-color has-light-gray-color\"><strong>Conciencia, naturaleza y cuerpo<\/strong><br>para una transformaci\u00f3n&nbsp;individual y colectiva<\/span><\/cite><\/blockquote><\/figure>\n\n\n\n<figure class=\"wp-block-pullquote\"><blockquote><p><strong><span class=\"has-inline-color has-light-gray-color\">EDGAR TARRES<\/span> <\/strong><br><strong><a rel=\"noreferrer noopener\" href=\"https:\/\/www.edgartarres.com\" target=\"_blank\">https:\/\/www.edgartarres.com<\/a><\/strong><\/p><cite><span class=\"has-inline-color has-light-gray-color\">Momentos de plenitud contigo mismo, estar bien.&nbsp;<br>Felicidad aut\u00e9ntica.<\/span><\/cite><\/blockquote><\/figure>\n\n\n\n<figure class=\"wp-block-pullquote\"><blockquote><p><strong><span class=\"has-inline-color has-light-gray-color\">NATUR\u00c0LIA <\/span><\/strong><br><strong><a rel=\"noreferrer noopener\" href=\"https:\/\/naturaliavilanova.cat\" target=\"_blank\">https:\/\/naturaliavilanova.cat<\/a><\/strong><\/p><cite><span class=\"has-inline-color has-light-gray-color\"><strong>NATUR\u00c0LIA<\/strong>, \u00e9s un Centre de fisioter\u00e0pia, osteopatia i medicina natural, creat al 1985, l&#8217;objectiu del qual \u00e9s proporcionar les eines necess\u00e0ries per tal de recobrar la salut o mantenir-la, implicant-nos d\u2019aquesta manera en el nostre proc\u00e9s de creixement personal.<\/span><\/cite><\/blockquote><\/figure>\n\n\n\n<figure class=\"wp-block-pullquote\"><blockquote><p><strong><span class=\"has-inline-color has-light-gray-color\">Integral Yoga Center Barcelona Ribes<\/span><\/strong><br><strong><span class=\"has-inline-color has-light-gray-color\"> <\/span><a rel=\"noreferrer noopener\" href=\"https:\/\/www.facebook.com\/Integral-Yoga-Center-Barcelona-Ribes-10150099891640431\/\" target=\"_blank\">https:\/\/www.facebook.com\/Integral-Yoga-Center-Barcelona-Ribes-10150099891640431<\/a><a href=\"https:\/\/www.facebook.com\/Integral-Yoga-Center-Barcelona-Ribes-10150099891640431\/\">\/<\/a><\/strong><\/p><cite><span class=\"has-inline-color has-light-gray-color\">&#8220;Un pueblo es un sitio peque\u00f1o desde donde evolucionamos para sentir que el mundo entero es un gran pueblo; somos todos miembros de la misma familia&#8221;<br><strong>Swami Satchidananda<br>Fundador de Integral Yoga<\/strong><\/span><\/cite><\/blockquote><\/figure>\n\n\n\n<figure class=\"wp-block-pullquote\"><blockquote><p><strong>Eventos Filippa Nilsson<\/strong><br><a href=\"http:\/\/www.instagram.com\/eventosfilippanilsson\/\" target=\"_blank\" rel=\"noreferrer noopener\"><strong>http:\/\/www.instagram.com\/eventosfilippanilsson\/<\/strong><\/a><\/p><cite>Salud hol\u00edstica y alternativa<br>Sanaci\u00f3n Energ\u00e9tica \ud83d\udcab Reiki\ud83d\ude4c<br>Chamanismo\ud83d\udc3e\ud83d\udc3e Autoestima \ud83d\udc9c<br>Yoga\ud83e\uddd8\u200d\u2640\ufe0f Talleres &amp; Charlas\ud83d\udc69\u200d\ud83c\udfeb<br>ESP CAT FR ENG SWE spoken<\/cite><\/blockquote><\/figure>\n\n\n\n<figure class=\"wp-block-pullquote\"><blockquote><p><strong>Referencial de Nacimiento<\/strong><br><strong>Georges Colleuil<\/strong> y <strong>Katia Walls<\/strong><br><a rel=\"noreferrer noopener\" href=\"https:\/\/www.referencialdenacimiento.com\" target=\"_blank\"><strong>https:\/\/www.referencialdenacimiento.com<\/strong><\/a><\/p><cite><em>El Referencial de Nacimiento es una herramienta terap\u00e9utica original que se apoya en el simbolismo de&nbsp;los arquetipos del Tarot.<\/em><\/cite><\/blockquote><\/figure>\n\n\n\n<figure class=\"wp-block-pullquote\"><blockquote><p><strong>Eline B\u00e9lier<\/strong><br><strong><a rel=\"noreferrer noopener\" href=\"https:\/\/soundcloud.com\/eline-b-lier\" target=\"_blank\">https:\/\/soundcloud.com\/eline-b-lier <\/a><\/strong><\/p><cite><em>M\u00fasica, direitos animais, cantora, compositora, musicista<\/em>.<\/cite><\/blockquote><\/figure>\n","protected":false},"excerpt":{"rendered":"<p>TONI S\u00c1NCHEZ https:\/\/tusonidointerior.es LOS CUENCOS TIBETANOS SON UN AFINADOR NATURAL QUE TE ACOMPA\u00d1AN HACIA UNA VIDA SERENA Y FELIZ. LA ARMON\u00cdA QUE NECESITAS DE FORMA SENCILLA Y PR\u00c1CTICA MuOM https:\/\/www.muom.net\/ca\/ MuOM \u00e9s&nbsp;l\u2019\u00fanic grup vocal del m\u00f3n que produeix polifonies amb els harm\u00f2nics.&nbsp;Compon, investiga i interpreta m\u00fasica transcultural de creaci\u00f3 pr\u00f2pia&nbsp;per al benestar i la contemplaci\u00f3.&nbsp; &hellip; <\/p>\n<p class=\"link-more\"><a href=\"https:\/\/francesc-cescju.eu\/?page_id=216\" class=\"more-link\">Continua llegint <span class=\"screen-reader-text\">\u00abP\u00c0GINES AMIGUES\u00bb<\/span><\/a><\/p>\n","protected":false},"author":1,"featured_media":0,"parent":0,"menu_order":0,"comment_status":"closed","ping_status":"closed","template":"","meta":{"footnotes":""},"class_list":["post-216","page","type-page","status-publish","hentry"],"_links":{"self":[{"href":"https:\/\/francesc-cescju.eu\/index.php?rest_route=\/wp\/v2\/pages\/216","targetHints":{"allow":["GET"]}}],"collection":[{"href":"https:\/\/francesc-cescju.eu\/index.php?rest_route=\/wp\/v2\/pages"}],"about":[{"href":"https:\/\/francesc-cescju.eu\/index.php?rest_route=\/wp\/v2\/types\/page"}],"author":[{"embeddable":true,"href":"https:\/\/francesc-cescju.eu\/index.php?rest_route=\/wp\/v2\/users\/1"}],"replies":[{"embeddable":true,"href":"https:\/\/francesc-cescju.eu\/index.php?rest_route=%2Fwp%2Fv2%2Fcomments&post=216"}],"version-history":[{"count":26,"href":"https:\/\/francesc-cescju.eu\/index.php?rest_route=\/wp\/v2\/pages\/216\/revisions"}],"predecessor-version":[{"id":959,"href":"https:\/\/francesc-cescju.eu\/index.php?rest_route=\/wp\/v2\/pages\/216\/revisions\/959"}],"wp:attachment":[{"href":"https:\/\/francesc-cescju.eu\/index.php?rest_route=%2Fwp%2Fv2%2Fmedia&parent=216"}],"curies":[{"name":"wp","href":"https:\/\/api.w.org\/{rel}","templated":true}]}}